{"id":305,"date":"2013-04-19T14:40:33","date_gmt":"2013-04-19T12:40:33","guid":{"rendered":"http:\/\/www.xn--heimatverein-prrbach-hbc.de\/?page_id=305"},"modified":"2013-04-19T14:40:33","modified_gmt":"2013-04-19T12:40:33","slug":"fackelwanderung-januar-2009","status":"publish","type":"page","link":"https:\/\/www.xn--heimatverein-prrbach-hbc.de\/?page_id=305","title":{"rendered":"Fackelwanderung Januar 2009"},"content":{"rendered":"<p><a href=\"https:\/\/www.xn--heimatverein-prrbach-hbc.de\/wp-content\/uploads\/2013\/04\/Fackelwanderung-2009.jpg\"><img loading=\"lazy\" decoding=\"async\" class=\"alignleft size-full wp-image-306\" alt=\"Fackelwanderung 2009\" src=\"https:\/\/www.xn--heimatverein-prrbach-hbc.de\/wp-content\/uploads\/2013\/04\/Fackelwanderung-2009.jpg\" width=\"797\" height=\"533\" srcset=\"https:\/\/www.xn--heimatverein-prrbach-hbc.de\/wp-content\/uploads\/2013\/04\/Fackelwanderung-2009.jpg 797w, https:\/\/www.xn--heimatverein-prrbach-hbc.de\/wp-content\/uploads\/2013\/04\/Fackelwanderung-2009-300x200.jpg 300w\" sizes=\"auto, (max-width: 797px) 100vw, 797px\" \/><\/a><\/p>\n<p>&nbsp;<\/p>\n<p><span style=\"font-size: medium;\"><strong>Mit Fackeln durch die D\u00e4mmerung<\/strong><\/span><\/p>\n<p><span style=\"font-size: medium;\">Zu einer Fackelwanderung hatte der Heimatverein P\u00f6rrbach am Samstag den 17. Januar eingeladen. Im regengrauen\u00a0D\u00e4mmerlicht machten sich 25 gut gegen die feuchtkalte Witterung ger\u00fcstete Wanderer, Kinder, Erwachsene und so\u00a0mancher treue Vierbeiner, auf die etwa acht Kilometer lange Strecke ab Sammelpunkt Bushaltestelle. Bereits nach wenigen Minuten der erste Halt am Haus des Vereinsvorsitzenden G\u00fcnter Heinz, der die Fackeln an den\u00a0Mann brachte. Von dort f\u00fchrte die Route auf der K 18 bis zur Schwedelbacher M\u00fchle, wo wieder einmal an diesem Tag\u00a0Regen einsetzte. Nach dem kurzen Zwischenstopp schlug die Gruppe den Weg Richtung Erzenhausen ein. \u00dcber den Obstbaumlehrpfad ging es zum Rischbach und weiter bis zur Gemarkungsgrenze Weilerbach. Danach entlang am Hochrain bis zur Weilerbacher Stra\u00dfe, die \u00fcberquert wurde, und an die Gemarkung Niemand. Nach St\u00e4rkung und Aufw\u00e4rmung mittels Gl\u00fchwein beziehungsweise Kinderpunsch wandten sich die Wanderer wieder der heimatlichen Richtung Schwedelbach-P\u00f6rrbach zu. Eine stimmungsvolle Wanderung, die trotz Wetterkapriolen gefiel.<\/span><\/p>\n","protected":false},"excerpt":{"rendered":"<p>&nbsp; Mit Fackeln durch die D\u00e4mmerung Zu einer Fackelwanderung hatte der Heimatverein P\u00f6rrbach am Samstag den 17. Januar eingeladen. Im regengrauen\u00a0D\u00e4mmerlicht machten sich 25 gut gegen die feuchtkalte Witterung ger\u00fcstete Wanderer, Kinder, Erwachsene und so\u00a0mancher treue Vierbeiner, auf die etwa acht Kilometer lange Strecke ab Sammelpunkt Bushaltestelle. Bereits nach wenigen Minuten der erste Halt am &hellip; <\/p>\n<p><a class=\"more-link btn\" href=\"https:\/\/www.xn--heimatverein-prrbach-hbc.de\/?page_id=305\">Weiterlesen<\/a><\/p>\n","protected":false},"author":2,"featured_media":0,"parent":303,"menu_order":1,"comment_status":"open","ping_status":"open","template":"","meta":{"footnotes":""},"class_list":["post-305","page","type-page","status-publish","hentry","nodate","item-wrap"],"_links":{"self":[{"href":"https:\/\/www.xn--heimatverein-prrbach-hbc.de\/index.php?rest_route=\/wp\/v2\/pages\/305","targetHints":{"allow":["GET"]}}],"collection":[{"href":"https:\/\/www.xn--heimatverein-prrbach-hbc.de\/index.php?rest_route=\/wp\/v2\/pages"}],"about":[{"href":"https:\/\/www.xn--heimatverein-prrbach-hbc.de\/index.php?rest_route=\/wp\/v2\/types\/page"}],"author":[{"embeddable":true,"href":"https:\/\/www.xn--heimatverein-prrbach-hbc.de\/index.php?rest_route=\/wp\/v2\/users\/2"}],"replies":[{"embeddable":true,"href":"https:\/\/www.xn--heimatverein-prrbach-hbc.de\/index.php?rest_route=%2Fwp%2Fv2%2Fcomments&post=305"}],"version-history":[{"count":1,"href":"https:\/\/www.xn--heimatverein-prrbach-hbc.de\/index.php?rest_route=\/wp\/v2\/pages\/305\/revisions"}],"predecessor-version":[{"id":307,"href":"https:\/\/www.xn--heimatverein-prrbach-hbc.de\/index.php?rest_route=\/wp\/v2\/pages\/305\/revisions\/307"}],"up":[{"embeddable":true,"href":"https:\/\/www.xn--heimatverein-prrbach-hbc.de\/index.php?rest_route=\/wp\/v2\/pages\/303"}],"wp:attachment":[{"href":"https:\/\/www.xn--heimatverein-prrbach-hbc.de\/index.php?rest_route=%2Fwp%2Fv2%2Fmedia&parent=305"}],"curies":[{"name":"wp","href":"https:\/\/api.w.org\/{rel}","templated":true}]}}