{"id":1940,"date":"2019-12-23T16:49:48","date_gmt":"2019-12-23T14:49:48","guid":{"rendered":"http:\/\/www.xn--heimatverein-prrbach-hbc.de\/?page_id=1940"},"modified":"2019-12-23T17:22:02","modified_gmt":"2019-12-23T15:22:02","slug":"spitz-und-stumpf-soko-baure-cop-09-11-19","status":"publish","type":"page","link":"https:\/\/www.xn--heimatverein-prrbach-hbc.de\/?page_id=1940","title":{"rendered":"Spitz und Stumpf &#8211; &#8222;Soko-Baure-Cop&#8220; &#8211; 09.11.19"},"content":{"rendered":"\n\t\t<style type=\"text\/css\">\n\t\t\t#gallery-1 {\n\t\t\t\tmargin: auto;\n\t\t\t}\n\t\t\t#gallery-1 .gallery-item {\n\t\t\t\tfloat: left;\n\t\t\t\tmargin-top: 10px;\n\t\t\t\ttext-align: center;\n\t\t\t\twidth: 25%;\n\t\t\t}\n\t\t\t#gallery-1 img {\n\t\t\t\tborder: 2px solid #cfcfcf;\n\t\t\t}\n\t\t\t#gallery-1 .gallery-caption {\n\t\t\t\tmargin-left: 0;\n\t\t\t}\n\t\t\t\/* see gallery_shortcode() in wp-includes\/media.php *\/\n\t\t<\/style>\n\t\t<div id='gallery-1' class='gallery galleryid-1940 gallery-columns-4 gallery-size-thumbnail'><dl class='gallery-item'>\n\t\t\t<dt class='gallery-icon landscape'>\n\t\t\t\t<a href='https:\/\/www.xn--heimatverein-prrbach-hbc.de\/?attachment_id=1955'><img loading=\"lazy\" decoding=\"async\" width=\"150\" height=\"150\" src=\"https:\/\/www.xn--heimatverein-prrbach-hbc.de\/wp-content\/uploads\/2019\/06\/SpitzStumpf_09.11.19_HVP\u00f6rrbach_01-150x150.jpg\" class=\"attachment-thumbnail size-thumbnail\" alt=\"\" \/><\/a>\n\t\t\t<\/dt><\/dl><dl class='gallery-item'>\n\t\t\t<dt class='gallery-icon landscape'>\n\t\t\t\t<a href='https:\/\/www.xn--heimatverein-prrbach-hbc.de\/?attachment_id=1956'><img loading=\"lazy\" decoding=\"async\" width=\"150\" height=\"150\" src=\"https:\/\/www.xn--heimatverein-prrbach-hbc.de\/wp-content\/uploads\/2019\/06\/SpitzStumpf_09.11.19_HVP\u00f6rrbach_02-150x150.jpg\" class=\"attachment-thumbnail size-thumbnail\" alt=\"\" \/><\/a>\n\t\t\t<\/dt><\/dl><dl class='gallery-item'>\n\t\t\t<dt class='gallery-icon landscape'>\n\t\t\t\t<a href='https:\/\/www.xn--heimatverein-prrbach-hbc.de\/?attachment_id=1957'><img loading=\"lazy\" decoding=\"async\" width=\"150\" height=\"150\" src=\"https:\/\/www.xn--heimatverein-prrbach-hbc.de\/wp-content\/uploads\/2019\/06\/SpitzStumpf_09.11.19_HVP\u00f6rrbach_03-150x150.jpg\" class=\"attachment-thumbnail size-thumbnail\" alt=\"\" \/><\/a>\n\t\t\t<\/dt><\/dl><dl class='gallery-item'>\n\t\t\t<dt class='gallery-icon landscape'>\n\t\t\t\t<a href='https:\/\/www.xn--heimatverein-prrbach-hbc.de\/?attachment_id=1958'><img loading=\"lazy\" decoding=\"async\" width=\"150\" height=\"150\" src=\"https:\/\/www.xn--heimatverein-prrbach-hbc.de\/wp-content\/uploads\/2019\/06\/SpitzStumpf_09.11.19_HVP\u00f6rrbach_04-150x150.jpg\" class=\"attachment-thumbnail size-thumbnail\" alt=\"\" \/><\/a>\n\t\t\t<\/dt><\/dl><br style=\"clear: both\" \/><dl class='gallery-item'>\n\t\t\t<dt class='gallery-icon landscape'>\n\t\t\t\t<a href='https:\/\/www.xn--heimatverein-prrbach-hbc.de\/?attachment_id=1959'><img loading=\"lazy\" decoding=\"async\" width=\"150\" height=\"150\" src=\"https:\/\/www.xn--heimatverein-prrbach-hbc.de\/wp-content\/uploads\/2019\/06\/SpitzStumpf_09.11.19_HVP\u00f6rrbach_05-150x150.jpg\" class=\"attachment-thumbnail size-thumbnail\" alt=\"\" \/><\/a>\n\t\t\t<\/dt><\/dl><dl class='gallery-item'>\n\t\t\t<dt class='gallery-icon landscape'>\n\t\t\t\t<a href='https:\/\/www.xn--heimatverein-prrbach-hbc.de\/?attachment_id=1960'><img loading=\"lazy\" decoding=\"async\" width=\"150\" height=\"150\" src=\"https:\/\/www.xn--heimatverein-prrbach-hbc.de\/wp-content\/uploads\/2019\/06\/SpitzStumpf_09.11.19_HVP\u00f6rrbach_06-150x150.jpg\" class=\"attachment-thumbnail size-thumbnail\" alt=\"\" \/><\/a>\n\t\t\t<\/dt><\/dl><dl class='gallery-item'>\n\t\t\t<dt class='gallery-icon landscape'>\n\t\t\t\t<a href='https:\/\/www.xn--heimatverein-prrbach-hbc.de\/?attachment_id=1961'><img loading=\"lazy\" decoding=\"async\" width=\"150\" height=\"150\" src=\"https:\/\/www.xn--heimatverein-prrbach-hbc.de\/wp-content\/uploads\/2019\/06\/SpitzStumpf_09.11.19_HVP\u00f6rrbach_07-150x150.jpg\" class=\"attachment-thumbnail size-thumbnail\" alt=\"\" \/><\/a>\n\t\t\t<\/dt><\/dl><dl class='gallery-item'>\n\t\t\t<dt class='gallery-icon landscape'>\n\t\t\t\t<a href='https:\/\/www.xn--heimatverein-prrbach-hbc.de\/?attachment_id=1962'><img loading=\"lazy\" decoding=\"async\" width=\"150\" height=\"150\" src=\"https:\/\/www.xn--heimatverein-prrbach-hbc.de\/wp-content\/uploads\/2019\/06\/SpitzStumpf_09.11.19_HVP\u00f6rrbach_08-150x150.jpg\" class=\"attachment-thumbnail size-thumbnail\" alt=\"\" \/><\/a>\n\t\t\t<\/dt><\/dl><br style=\"clear: both\" \/><dl class='gallery-item'>\n\t\t\t<dt class='gallery-icon landscape'>\n\t\t\t\t<a href='https:\/\/www.xn--heimatverein-prrbach-hbc.de\/?attachment_id=1963'><img loading=\"lazy\" decoding=\"async\" width=\"150\" height=\"150\" src=\"https:\/\/www.xn--heimatverein-prrbach-hbc.de\/wp-content\/uploads\/2019\/06\/SpitzStumpf_09.11.19_HVP\u00f6rrbach_09-150x150.jpg\" class=\"attachment-thumbnail size-thumbnail\" alt=\"\" \/><\/a>\n\t\t\t<\/dt><\/dl><dl class='gallery-item'>\n\t\t\t<dt class='gallery-icon landscape'>\n\t\t\t\t<a href='https:\/\/www.xn--heimatverein-prrbach-hbc.de\/?attachment_id=1964'><img loading=\"lazy\" decoding=\"async\" width=\"150\" height=\"150\" src=\"https:\/\/www.xn--heimatverein-prrbach-hbc.de\/wp-content\/uploads\/2019\/06\/SpitzStumpf_09.11.19_HVP\u00f6rrbach_10-150x150.jpg\" class=\"attachment-thumbnail size-thumbnail\" alt=\"\" \/><\/a>\n\t\t\t<\/dt><\/dl><dl class='gallery-item'>\n\t\t\t<dt class='gallery-icon landscape'>\n\t\t\t\t<a href='https:\/\/www.xn--heimatverein-prrbach-hbc.de\/?attachment_id=1965'><img loading=\"lazy\" decoding=\"async\" width=\"150\" height=\"150\" src=\"https:\/\/www.xn--heimatverein-prrbach-hbc.de\/wp-content\/uploads\/2019\/06\/SpitzStumpf_09.11.19_HVP\u00f6rrbach_11-150x150.jpg\" class=\"attachment-thumbnail size-thumbnail\" alt=\"\" \/><\/a>\n\t\t\t<\/dt><\/dl><dl class='gallery-item'>\n\t\t\t<dt class='gallery-icon landscape'>\n\t\t\t\t<a href='https:\/\/www.xn--heimatverein-prrbach-hbc.de\/?attachment_id=1966'><img loading=\"lazy\" decoding=\"async\" width=\"150\" height=\"150\" src=\"https:\/\/www.xn--heimatverein-prrbach-hbc.de\/wp-content\/uploads\/2019\/06\/SpitzStumpf_09.11.19_HVP\u00f6rrbach_12-150x150.jpg\" class=\"attachment-thumbnail size-thumbnail\" alt=\"\" \/><\/a>\n\t\t\t<\/dt><\/dl><br style=\"clear: both\" \/><dl class='gallery-item'>\n\t\t\t<dt class='gallery-icon landscape'>\n\t\t\t\t<a href='https:\/\/www.xn--heimatverein-prrbach-hbc.de\/?attachment_id=1954'><img loading=\"lazy\" decoding=\"async\" width=\"150\" height=\"150\" src=\"https:\/\/www.xn--heimatverein-prrbach-hbc.de\/wp-content\/uploads\/2019\/06\/SpitzStumpf_09.11.19_HVP\u00f6rrbach_13-150x150.jpg\" class=\"attachment-thumbnail size-thumbnail\" alt=\"\" \/><\/a>\n\t\t\t<\/dt><\/dl>\n\t\t\t<br style='clear: both' \/>\n\t\t<\/div>\n\n<h2><\/h2>\n<h2><strong>Sa., 09.11.2019<\/strong><\/h2>\n<h1><strong>Spitz &amp; Stumpf &#8211; &#8222;Soko Baure-Cop&#8220;<br \/>\n<\/strong><\/h1>\n<p class=\"black\">Kabarett, Comedy, Theater in &#8222;P\u00e4lzer Sprooch&#8220;<\/p>\n<p><a href=\"https:\/\/www.xn--heimatverein-prrbach-hbc.de\/wp-content\/uploads\/2018\/11\/Soko-Drohnen-Kopie.jpeg\"><img loading=\"lazy\" decoding=\"async\" class=\"aligncenter wp-image-1781 size-full\" src=\"https:\/\/www.xn--heimatverein-prrbach-hbc.de\/wp-content\/uploads\/2018\/11\/Soko-Drohnen-Kopie.jpeg\" alt=\"\" width=\"1024\" height=\"672\" srcset=\"https:\/\/www.xn--heimatverein-prrbach-hbc.de\/wp-content\/uploads\/2018\/11\/Soko-Drohnen-Kopie.jpeg 1024w, https:\/\/www.xn--heimatverein-prrbach-hbc.de\/wp-content\/uploads\/2018\/11\/Soko-Drohnen-Kopie-300x197.jpeg 300w, https:\/\/www.xn--heimatverein-prrbach-hbc.de\/wp-content\/uploads\/2018\/11\/Soko-Drohnen-Kopie-768x504.jpeg 768w\" sizes=\"auto, (max-width: 1024px) 100vw, 1024px\" \/><\/a><strong>Weingut Stumpf in heller Aufregung.<\/strong><\/p>\n<p>&nbsp;<\/p>\n<p>Ausgerechnet bei Eicheens potenziellem Premiumwein sind \u00fcber Nacht die Trauben geklaut worden. Das ist die H\u00f6he oder eben der absolute Tiefpunkt der Sicherheit im Dorf. Dass es um die nicht so gut bestellt ist, hat SAC (Security Adviser Consulter) Friedel Spitz ja seit l\u00e4ngerem schon beobachtet. Schlie\u00dflich hatte er seinerzeit in \u201eseiner Anilin\u201c ja einige Fortbildungen zu Sicherheitsfragen durchlaufen. Auch der B\u00fcrgermeister muss letztlich einsehen, dass so viel Talent in den eigenen Reihen genutzt werden muss, bzw. erst dann Ruhe ist, wenn er in die psychologische Trickkiste greift und die ewige Besserwisserei durch die \u00dcbertragung von Verantwortung zu stoppen versucht.<\/p>\n<p>&nbsp;<\/p>\n<p>Und so nimmt das d\u00f6rfliche Risk Assessment inklusive 24\/7-\u00dcberwachung seinen Lauf. Die Durchf\u00fchrung erfolgt mit Friedels ganz eigenem Charme, was am \u00f6rtlichen Stammtisch nur noch als SOKO Baure-Cop die Runde macht. Vom fehlenden Gel\u00e4nder am B\u00fcrgermeisteramt bis zur ausgetretenen Stufe in Eicheens Weinkeller \u2013 dem Friedel entgeht nichts. Schlie\u00dflich steht im Dorf die stolze 1250 Jahrfeier an! Das braucht ein eigenes Sicherheitskonzept. Und dann auch noch der Traubendiebstahl\u2026 Modernste Technik wie Videokameras, Fr\u00fchwarnleitsystem und st\u00e4ndiges Monitoring durch eigens angeschaffte Drohnen m\u00fcssen her, um dann doch wieder \u2013 wegen der ewigen Breitbandunterversorgung durch den \u00f6rtlichen Netzbetreiber \u2013 einem altbew\u00e4hrten, klassischen Fr\u00fchwarnsystem zu weichen\u2026 der Gans im Weinberg!<\/p>\n<p>&nbsp;<\/p>\n<p>Friedel ist in seinem Element und Eicheen macht alles mit, um nicht noch mehr Woi zu verlieren. Nacheinander schlie\u00dfen die beiden systematisch alle bestehenden Sicherheitsl\u00fccken, wenn es sein muss, mit eigens gegr\u00fcndeter Nachbarschaftswache und wenn gar nichts mehr hilft, sogar mit der Mobilisierung der Bichelbercher Winzerwehr. Klar, dass sie dabei \u00fcber das Ziel hinausschie\u00dfen, um dann doch wieder voll ins Schwarze zu treffen! Spitz &amp; Stumpf machen ja wie immer Theater!<\/p>\n<p>&nbsp;<\/p>\n<p>Zu den K\u00fcnstlern:\u00a0 <a href=\"https:\/\/www.spitzundstumpf.de\" target=\"_blank\" rel=\"noopener\">www.spitzundstumpf.de<\/a><\/p>\n<p><strong><br \/>\nS\u00e4ngerheim Erzenhausen<\/strong> | Schulstra\u00dfe 9, 67685 Erzenhausen | Barrierefreier Zugang<\/p>\n<p>Beginn <strong>20:00 Uhr<\/strong> | Einlass ab 18:30 Uhr<\/p>\n<p>Eintritt: VVK: 18,&#8211; \u20ac | Abendkasse: 20,&#8211; \u20ac<\/p>\n","protected":false},"excerpt":{"rendered":"<p>Sa., 09.11.2019 Spitz &amp; Stumpf &#8211; &#8222;Soko Baure-Cop&#8220; Kabarett, Comedy, Theater in &#8222;P\u00e4lzer Sprooch&#8220; Weingut Stumpf in heller Aufregung. &nbsp; Ausgerechnet bei Eicheens potenziellem Premiumwein sind \u00fcber Nacht die Trauben geklaut worden. Das ist die H\u00f6he oder eben der absolute Tiefpunkt der Sicherheit im Dorf. Dass es um die nicht so gut bestellt ist, hat &hellip; <\/p>\n<p><a class=\"more-link btn\" href=\"https:\/\/www.xn--heimatverein-prrbach-hbc.de\/?page_id=1940\">Weiterlesen<\/a><\/p>\n","protected":false},"author":2,"featured_media":1959,"parent":1830,"menu_order":78,"comment_status":"closed","ping_status":"closed","template":"","meta":{"footnotes":""},"class_list":["post-1940","page","type-page","status-publish","has-post-thumbnail","hentry","nodate","item-wrap"],"_links":{"self":[{"href":"https:\/\/www.xn--heimatverein-prrbach-hbc.de\/index.php?rest_route=\/wp\/v2\/pages\/1940","targetHints":{"allow":["GET"]}}],"collection":[{"href":"https:\/\/www.xn--heimatverein-prrbach-hbc.de\/index.php?rest_route=\/wp\/v2\/pages"}],"about":[{"href":"https:\/\/www.xn--heimatverein-prrbach-hbc.de\/index.php?rest_route=\/wp\/v2\/types\/page"}],"author":[{"embeddable":true,"href":"https:\/\/www.xn--heimatverein-prrbach-hbc.de\/index.php?rest_route=\/wp\/v2\/users\/2"}],"replies":[{"embeddable":true,"href":"https:\/\/www.xn--heimatverein-prrbach-hbc.de\/index.php?rest_route=%2Fwp%2Fv2%2Fcomments&post=1940"}],"version-history":[{"count":5,"href":"https:\/\/www.xn--heimatverein-prrbach-hbc.de\/index.php?rest_route=\/wp\/v2\/pages\/1940\/revisions"}],"predecessor-version":[{"id":1970,"href":"https:\/\/www.xn--heimatverein-prrbach-hbc.de\/index.php?rest_route=\/wp\/v2\/pages\/1940\/revisions\/1970"}],"up":[{"embeddable":true,"href":"https:\/\/www.xn--heimatverein-prrbach-hbc.de\/index.php?rest_route=\/wp\/v2\/pages\/1830"}],"wp:featuredmedia":[{"embeddable":true,"href":"https:\/\/www.xn--heimatverein-prrbach-hbc.de\/index.php?rest_route=\/wp\/v2\/media\/1959"}],"wp:attachment":[{"href":"https:\/\/www.xn--heimatverein-prrbach-hbc.de\/index.php?rest_route=%2Fwp%2Fv2%2Fmedia&parent=1940"}],"curies":[{"name":"wp","href":"https:\/\/api.w.org\/{rel}","templated":true}]}}