{"id":1570,"date":"2018-08-23T17:55:17","date_gmt":"2018-08-23T15:55:17","guid":{"rendered":"http:\/\/www.xn--heimatverein-prrbach-hbc.de\/?page_id=1570"},"modified":"2026-05-04T19:33:57","modified_gmt":"2026-05-04T17:33:57","slug":"hinweise-kartenbestellungen","status":"publish","type":"page","link":"https:\/\/www.xn--heimatverein-prrbach-hbc.de\/?page_id=1570","title":{"rendered":"Hinweise Kartenbestellungen"},"content":{"rendered":"<p>Damit wir Ihre Bestellungen von Eintrittskarten f\u00fcr unsere Kulturveranstaltungen bearbeiten k\u00f6nnen, beachten Sie bitte folgende Vorgehensweise:<\/p>\n<ol>\n<li>Teilen Sie uns Ihren Bestellwunsch telefonisch oder per E-Mail mit folgenden Informationen mit:- Name der Veranstaltung<br \/>\n&#8211; Anzahl der gew\u00fcnschten Karten<br \/>\n&#8211; Lieferadresse<\/p>\n<p>Wir best\u00e4tigen Ihnen Ihre Bestellung.<\/li>\n<\/ol>\n<ol start=\"2\">\n<li>\u00dcberweisen Sie den Zahlbetrag auf unser Konto:<br \/>\n(Eintrittspreis x Anzahl der Karten + 2,&#8211; \u20ac Bearbeitungs- und Versandgeb\u00fchr)Die Bankverbindung teilen wir Ihnen mit der Bestellbet\u00e4tigung mit.<\/li>\n<\/ol>\n<ol start=\"3\">\n<li>Nach dem Eingang Ihrer Zahlung auf unserem Konto, senden wir Ihnen die Karten auf dem Postweg zu <span style=\"font-size: 10pt;\">(unversicherter Brief)<\/span>.<\/li>\n<\/ol>\n","protected":false},"excerpt":{"rendered":"<p>Damit wir Ihre Bestellungen von Eintrittskarten f\u00fcr unsere Kulturveranstaltungen bearbeiten k\u00f6nnen, beachten Sie bitte folgende Vorgehensweise: Teilen Sie uns Ihren Bestellwunsch telefonisch oder per E-Mail mit folgenden Informationen mit:- Name der Veranstaltung &#8211; Anzahl der gew\u00fcnschten Karten &#8211; Lieferadresse Wir best\u00e4tigen Ihnen Ihre Bestellung. \u00dcberweisen Sie den Zahlbetrag auf unser Konto: (Eintrittspreis x Anzahl der &hellip; <\/p>\n<p><a class=\"more-link btn\" href=\"https:\/\/www.xn--heimatverein-prrbach-hbc.de\/?page_id=1570\">Weiterlesen<\/a><\/p>\n","protected":false},"author":2,"featured_media":0,"parent":12,"menu_order":1,"comment_status":"closed","ping_status":"closed","template":"","meta":{"footnotes":""},"class_list":["post-1570","page","type-page","status-publish","hentry","nodate","item-wrap"],"_links":{"self":[{"href":"https:\/\/www.xn--heimatverein-prrbach-hbc.de\/index.php?rest_route=\/wp\/v2\/pages\/1570","targetHints":{"allow":["GET"]}}],"collection":[{"href":"https:\/\/www.xn--heimatverein-prrbach-hbc.de\/index.php?rest_route=\/wp\/v2\/pages"}],"about":[{"href":"https:\/\/www.xn--heimatverein-prrbach-hbc.de\/index.php?rest_route=\/wp\/v2\/types\/page"}],"author":[{"embeddable":true,"href":"https:\/\/www.xn--heimatverein-prrbach-hbc.de\/index.php?rest_route=\/wp\/v2\/users\/2"}],"replies":[{"embeddable":true,"href":"https:\/\/www.xn--heimatverein-prrbach-hbc.de\/index.php?rest_route=%2Fwp%2Fv2%2Fcomments&post=1570"}],"version-history":[{"count":15,"href":"https:\/\/www.xn--heimatverein-prrbach-hbc.de\/index.php?rest_route=\/wp\/v2\/pages\/1570\/revisions"}],"predecessor-version":[{"id":3031,"href":"https:\/\/www.xn--heimatverein-prrbach-hbc.de\/index.php?rest_route=\/wp\/v2\/pages\/1570\/revisions\/3031"}],"up":[{"embeddable":true,"href":"https:\/\/www.xn--heimatverein-prrbach-hbc.de\/index.php?rest_route=\/wp\/v2\/pages\/12"}],"wp:attachment":[{"href":"https:\/\/www.xn--heimatverein-prrbach-hbc.de\/index.php?rest_route=%2Fwp%2Fv2%2Fmedia&parent=1570"}],"curies":[{"name":"wp","href":"https:\/\/api.w.org\/{rel}","templated":true}]}}