{"id":1262,"date":"2016-11-28T18:57:09","date_gmt":"2016-11-28T16:57:09","guid":{"rendered":"http:\/\/www.xn--heimatverein-prrbach-hbc.de\/?page_id=1262"},"modified":"2016-12-04T13:56:30","modified_gmt":"2016-12-04T11:56:30","slug":"detlev-schoenauer-oma-ist-jetzt-bei-facebook","status":"publish","type":"page","link":"https:\/\/www.xn--heimatverein-prrbach-hbc.de\/?page_id=1262","title":{"rendered":"Detlev Sch\u00f6nauer- &#8222;Oma ist jetzt bei Facebook&#8220;"},"content":{"rendered":"<p>&#8222;Die Rheinpfalz &#8211; Pf\u00e4lzische Volkszeitung &#8211; 28.11.2016<\/p>\n<p><a href=\"https:\/\/www.xn--heimatverein-prrbach-hbc.de\/wp-content\/uploads\/2016\/11\/Sch\u00f6nauer_Rheinpfalz_28112016.jpg\"><img loading=\"lazy\" decoding=\"async\" class=\"alignleft size-full wp-image-1264\" src=\"https:\/\/www.xn--heimatverein-prrbach-hbc.de\/wp-content\/uploads\/2016\/11\/Sch\u00f6nauer_Rheinpfalz_28112016.jpg\" alt=\"schoenauer_rheinpfalz_28112016\" width=\"821\" height=\"678\" srcset=\"https:\/\/www.xn--heimatverein-prrbach-hbc.de\/wp-content\/uploads\/2016\/11\/Sch\u00f6nauer_Rheinpfalz_28112016.jpg 821w, https:\/\/www.xn--heimatverein-prrbach-hbc.de\/wp-content\/uploads\/2016\/11\/Sch\u00f6nauer_Rheinpfalz_28112016-300x247.jpg 300w\" sizes=\"auto, (max-width: 821px) 100vw, 821px\" \/><\/a><\/p>\n\n\t\t<style type=\"text\/css\">\n\t\t\t#gallery-1 {\n\t\t\t\tmargin: auto;\n\t\t\t}\n\t\t\t#gallery-1 .gallery-item {\n\t\t\t\tfloat: left;\n\t\t\t\tmargin-top: 10px;\n\t\t\t\ttext-align: center;\n\t\t\t\twidth: 33%;\n\t\t\t}\n\t\t\t#gallery-1 img {\n\t\t\t\tborder: 2px solid #cfcfcf;\n\t\t\t}\n\t\t\t#gallery-1 .gallery-caption {\n\t\t\t\tmargin-left: 0;\n\t\t\t}\n\t\t\t\/* see gallery_shortcode() in wp-includes\/media.php *\/\n\t\t<\/style>\n\t\t<div id='gallery-1' class='gallery galleryid-1262 gallery-columns-3 gallery-size-thumbnail'><dl class='gallery-item'>\n\t\t\t<dt class='gallery-icon landscape'>\n\t\t\t\t<a href='https:\/\/www.xn--heimatverein-prrbach-hbc.de\/?attachment_id=1272'><img loading=\"lazy\" decoding=\"async\" width=\"150\" height=\"150\" src=\"https:\/\/www.xn--heimatverein-prrbach-hbc.de\/wp-content\/uploads\/2016\/11\/HV-P\u00f6rrbach-D.-Sch\u00f6nauer-26.11.16-\u00a9-M.-Bissinger-01-150x150.jpg\" class=\"attachment-thumbnail size-thumbnail\" alt=\"\" \/><\/a>\n\t\t\t<\/dt><\/dl><dl class='gallery-item'>\n\t\t\t<dt class='gallery-icon portrait'>\n\t\t\t\t<a href='https:\/\/www.xn--heimatverein-prrbach-hbc.de\/?attachment_id=1273'><img loading=\"lazy\" decoding=\"async\" width=\"150\" height=\"150\" src=\"https:\/\/www.xn--heimatverein-prrbach-hbc.de\/wp-content\/uploads\/2016\/11\/HV-P\u00f6rrbach-D.-Sch\u00f6nauer-26.11.16-\u00a9-M.-Bissinger-02-150x150.jpg\" class=\"attachment-thumbnail size-thumbnail\" alt=\"\" \/><\/a>\n\t\t\t<\/dt><\/dl><dl class='gallery-item'>\n\t\t\t<dt class='gallery-icon portrait'>\n\t\t\t\t<a href='https:\/\/www.xn--heimatverein-prrbach-hbc.de\/?attachment_id=1274'><img loading=\"lazy\" decoding=\"async\" width=\"150\" height=\"150\" src=\"https:\/\/www.xn--heimatverein-prrbach-hbc.de\/wp-content\/uploads\/2016\/11\/HV-P\u00f6rrbach-D.-Sch\u00f6nauer-26.11.16-\u00a9-M.-Bissinger-03-150x150.jpg\" class=\"attachment-thumbnail size-thumbnail\" alt=\"\" \/><\/a>\n\t\t\t<\/dt><\/dl><br style=\"clear: both\" \/><dl class='gallery-item'>\n\t\t\t<dt class='gallery-icon landscape'>\n\t\t\t\t<a href='https:\/\/www.xn--heimatverein-prrbach-hbc.de\/?attachment_id=1275'><img loading=\"lazy\" decoding=\"async\" width=\"150\" height=\"150\" src=\"https:\/\/www.xn--heimatverein-prrbach-hbc.de\/wp-content\/uploads\/2016\/11\/HV-P\u00f6rrbach-D.-Sch\u00f6nauer-26.11.16-\u00a9-M.-Bissinger-04-150x150.jpg\" class=\"attachment-thumbnail size-thumbnail\" alt=\"\" \/><\/a>\n\t\t\t<\/dt><\/dl><dl class='gallery-item'>\n\t\t\t<dt class='gallery-icon landscape'>\n\t\t\t\t<a href='https:\/\/www.xn--heimatverein-prrbach-hbc.de\/?attachment_id=1276'><img loading=\"lazy\" decoding=\"async\" width=\"150\" height=\"150\" src=\"https:\/\/www.xn--heimatverein-prrbach-hbc.de\/wp-content\/uploads\/2016\/11\/HV-P\u00f6rrbach-D.-Sch\u00f6nauer-26.11.16-\u00a9-M.-Bissinger-05-150x150.jpg\" class=\"attachment-thumbnail size-thumbnail\" alt=\"\" \/><\/a>\n\t\t\t<\/dt><\/dl><dl class='gallery-item'>\n\t\t\t<dt class='gallery-icon portrait'>\n\t\t\t\t<a href='https:\/\/www.xn--heimatverein-prrbach-hbc.de\/?attachment_id=1277'><img loading=\"lazy\" decoding=\"async\" width=\"150\" height=\"150\" src=\"https:\/\/www.xn--heimatverein-prrbach-hbc.de\/wp-content\/uploads\/2016\/11\/HV-P\u00f6rrbach-D.-Sch\u00f6nauer-26.11.16-\u00a9-M.-Bissinger-06-150x150.jpg\" class=\"attachment-thumbnail size-thumbnail\" alt=\"\" \/><\/a>\n\t\t\t<\/dt><\/dl><br style=\"clear: both\" \/><dl class='gallery-item'>\n\t\t\t<dt class='gallery-icon landscape'>\n\t\t\t\t<a href='https:\/\/www.xn--heimatverein-prrbach-hbc.de\/?attachment_id=1267'><img loading=\"lazy\" decoding=\"async\" width=\"150\" height=\"150\" src=\"https:\/\/www.xn--heimatverein-prrbach-hbc.de\/wp-content\/uploads\/2016\/11\/HV-P\u00f6rrbach-D.-Sch\u00f6nauer-26.11.16-\u00a9-M.-Bissinger-07-150x150.jpg\" class=\"attachment-thumbnail size-thumbnail\" alt=\"\" \/><\/a>\n\t\t\t<\/dt><\/dl><dl class='gallery-item'>\n\t\t\t<dt class='gallery-icon portrait'>\n\t\t\t\t<a href='https:\/\/www.xn--heimatverein-prrbach-hbc.de\/?attachment_id=1268'><img loading=\"lazy\" decoding=\"async\" width=\"150\" height=\"150\" src=\"https:\/\/www.xn--heimatverein-prrbach-hbc.de\/wp-content\/uploads\/2016\/11\/HV-P\u00f6rrbach-D.-Sch\u00f6nauer-26.11.16-\u00a9-M.-Bissinger-08-150x150.jpg\" class=\"attachment-thumbnail size-thumbnail\" alt=\"\" \/><\/a>\n\t\t\t<\/dt><\/dl><dl class='gallery-item'>\n\t\t\t<dt class='gallery-icon landscape'>\n\t\t\t\t<a href='https:\/\/www.xn--heimatverein-prrbach-hbc.de\/?attachment_id=1269'><img loading=\"lazy\" decoding=\"async\" width=\"150\" height=\"150\" src=\"https:\/\/www.xn--heimatverein-prrbach-hbc.de\/wp-content\/uploads\/2016\/11\/HV-P\u00f6rrbach-D.-Sch\u00f6nauer-26.11.16-\u00a9-M.-Bissinger-09-150x150.jpg\" class=\"attachment-thumbnail size-thumbnail\" alt=\"\" \/><\/a>\n\t\t\t<\/dt><\/dl><br style=\"clear: both\" \/><dl class='gallery-item'>\n\t\t\t<dt class='gallery-icon portrait'>\n\t\t\t\t<a href='https:\/\/www.xn--heimatverein-prrbach-hbc.de\/?attachment_id=1270'><img loading=\"lazy\" decoding=\"async\" width=\"150\" height=\"150\" src=\"https:\/\/www.xn--heimatverein-prrbach-hbc.de\/wp-content\/uploads\/2016\/11\/HV-P\u00f6rrbach-D.-Sch\u00f6nauer-26.11.16-\u00a9-M.-Bissinger-10-150x150.jpg\" class=\"attachment-thumbnail size-thumbnail\" alt=\"\" \/><\/a>\n\t\t\t<\/dt><\/dl><dl class='gallery-item'>\n\t\t\t<dt class='gallery-icon portrait'>\n\t\t\t\t<a href='https:\/\/www.xn--heimatverein-prrbach-hbc.de\/?attachment_id=1271'><img loading=\"lazy\" decoding=\"async\" width=\"150\" height=\"150\" src=\"https:\/\/www.xn--heimatverein-prrbach-hbc.de\/wp-content\/uploads\/2016\/11\/HV-P\u00f6rrbach-D.-Sch\u00f6nauer-26.11.16-\u00a9-M.-Bissinger-11-150x150.jpg\" class=\"attachment-thumbnail size-thumbnail\" alt=\"\" \/><\/a>\n\t\t\t<\/dt><\/dl>\n\t\t\t<br style='clear: both' \/>\n\t\t<\/div>\n\n<hr \/>\n<p>&nbsp;<\/p>\n<h4><span style=\"font-size: 14pt;\"><strong>Detlev Sch\u00f6nauer in Erzenhausen &#8211; Stand up Comedy in seiner besten Form<\/strong><\/span><\/h4>\n<p>Weilerbach aktuell &#8211; 48-16 &#8211; 01.12.2016<br \/>\n<span style=\"font-size: 12pt;\"> Einen Kalauer nach dem anderen gab es am vergangenen Samstagabend im S\u00e4ngerhaus in Erzenhausen auf Einladung des Heimatvereins P\u00f6rrbach. Das Kabarett-Programm von Detlev Sch\u00f6nauer sorgte f\u00fcr m\u00e4chtig gute Stimmung im Saal. \u201eOma ist jetzt bei Facebook\u201c hei\u00dft das neue Programm von Sch\u00f6nauer und es zeigt, dass er keine Angst vorm Altern hat. Seine Darbietung handelt von den T\u00fccken des \u00c4lterwerdens, er selbst bezeichnet sich als Senior, oder besser gesagt als \u201eGrabverweigerer\u201c. Man h\u00e4tte auch Vorteile, kann nun den Seniorenteller bestellen und g\u00fcnstiger mit der Bahn fahren. Aber er esse alles, denn er sei in seinem Alter froh um jeden Konservierungsstoff. Da g\u00e4be es ja auch noch die Vegetarier, der Begriff komme aus dem Indianischen und hei\u00dfe soviel wie: \u201eDer, der zu bl\u00f6d zum Jagen sei.\u201c Ein Witz jagte den anderen &#8211; im letzten Cluburlaub habe er Bluthochdruck mit Leidenschaft verwechselt und sei in eine Disco gegangen. Da wurde er gefragt, ob er zum Sterben hergekommen sei. Des Weiteren habe er beschlossen, seine Rente bei einer Kreuzfahrt auf den Kopf zu hauen und er begann, hanseatische Lieder zu singen und auf der Gitarre zu spielen. Vielmals sprach er den Tod an, auf seine ganz eigene Weise und immer gewitzt verpackt. So behauptete er, dass es auf einer Beerdigung immer \u201eKrimmelkuche\u201c geben m\u00fcsse, denn \u201eohne Krimmelkuche is mer net richtisch tot.\u201c Seine Oma h\u00e4tte damals sogar verf\u00fcgt, dass sie verbrannt werden m\u00f6ge und ihre Asche \u00fcber dem H &amp; M ausgestreut werden soll, damit ihre Enkelinnen auch ab und zu mal ans Grab k\u00e4men. Das Publikum im Saal kr\u00fcmmte sich vor Lachen. Im \u00dcbrigen w\u00fcrden alle saarl\u00e4ndischen Frauennamen mit \u201eS\u201c anfangen: \u201esRenate\u201c, \u201esKarin\u201c, \u201esHilde\u201c &#8230; K\u00fcrzlich habe er eine besondere Todesanzeige gelesen: \u201eDa war ein LKW abgebildet und ein Kreuz und es stand darunter &#8211; Dieter M\u00fcller, ich bin umgezogen, neue Adresse: Friedhofstra\u00dfe 51\u201c. So nahm er das Altern und den Tod auf die Schippe. Er merkte an, dass es bald Omas g\u00e4be, die Vanessa hei\u00dfen und Opas mit dem Namen Kevin. Seine Schwiegermutter sei jetzt auch auf Facebook, und, solange sie Katzenbilder postet, w\u00fcsste die ganze Familie, dass es ihr gut geht. Aber auch die derzeitige Generation nahm er sich zur Brust. Es g\u00e4be viele \u201eHelikopter-Eltern\u201c, die ihre Kinder mittels GPS \u00fcber Google Earth orten w\u00fcrden. Das w\u00e4ren im \u00dcbrigen die gleichen Eltern, die sich \u00fcber die NSA beschwerten. So verglich er seine Generation mit der heutigen: die Pyroeffekte bei \u201eBonanza\u201c h\u00e4tten ihn schwer begeistert, als die Landkarte von Arizona in der Mitte Feuer fing. Da m\u00fcssten heute bei \u201eCobra 11\u201c schon mindestens f\u00fcnf Autos in die Luft fliegen, dass die Leute sagen: \u201eJo, Action\u201c. So ging es den ganzen Abend durch sehr lustig zu und das Publikum dankte es ihm mit viel Applaus. Alles in allem ein sehr gelungener Abend in herrlich ausgelassener Atmosph\u00e4re.<\/span><br \/>\n<em><span style=\"font-size: 12pt;\"> Text\/Fotos: Sandra M\u00fcller<\/span><\/em><\/p>\n\n\t\t<style type=\"text\/css\">\n\t\t\t#gallery-2 {\n\t\t\t\tmargin: auto;\n\t\t\t}\n\t\t\t#gallery-2 .gallery-item {\n\t\t\t\tfloat: left;\n\t\t\t\tmargin-top: 10px;\n\t\t\t\ttext-align: center;\n\t\t\t\twidth: 33%;\n\t\t\t}\n\t\t\t#gallery-2 img {\n\t\t\t\tborder: 2px solid #cfcfcf;\n\t\t\t}\n\t\t\t#gallery-2 .gallery-caption {\n\t\t\t\tmargin-left: 0;\n\t\t\t}\n\t\t\t\/* see gallery_shortcode() in wp-includes\/media.php *\/\n\t\t<\/style>\n\t\t<div id='gallery-2' class='gallery galleryid-1262 gallery-columns-3 gallery-size-thumbnail'><dl class='gallery-item'>\n\t\t\t<dt class='gallery-icon landscape'>\n\t\t\t\t<a href='https:\/\/www.xn--heimatverein-prrbach-hbc.de\/?attachment_id=1284'><img loading=\"lazy\" decoding=\"async\" width=\"150\" height=\"150\" src=\"https:\/\/www.xn--heimatverein-prrbach-hbc.de\/wp-content\/uploads\/2016\/11\/Sch\u00f6nauer-01-WA-48-16-150x150.jpg\" class=\"attachment-thumbnail size-thumbnail\" alt=\"\" \/><\/a>\n\t\t\t<\/dt><\/dl><dl class='gallery-item'>\n\t\t\t<dt class='gallery-icon portrait'>\n\t\t\t\t<a href='https:\/\/www.xn--heimatverein-prrbach-hbc.de\/?attachment_id=1290'><img loading=\"lazy\" decoding=\"async\" width=\"150\" height=\"150\" src=\"https:\/\/www.xn--heimatverein-prrbach-hbc.de\/wp-content\/uploads\/2016\/11\/Sch\u00f6nauer-02-WA-48-16-150x150.jpg\" class=\"attachment-thumbnail size-thumbnail\" alt=\"\" \/><\/a>\n\t\t\t<\/dt><\/dl><dl class='gallery-item'>\n\t\t\t<dt class='gallery-icon landscape'>\n\t\t\t\t<a href='https:\/\/www.xn--heimatverein-prrbach-hbc.de\/?attachment_id=1286'><img loading=\"lazy\" decoding=\"async\" width=\"150\" height=\"150\" src=\"https:\/\/www.xn--heimatverein-prrbach-hbc.de\/wp-content\/uploads\/2016\/11\/Sch\u00f6nauer-03-WA-48-16-150x150.jpg\" class=\"attachment-thumbnail size-thumbnail\" alt=\"\" \/><\/a>\n\t\t\t<\/dt><\/dl><br style=\"clear: both\" \/><dl class='gallery-item'>\n\t\t\t<dt class='gallery-icon landscape'>\n\t\t\t\t<a href='https:\/\/www.xn--heimatverein-prrbach-hbc.de\/?attachment_id=1287'><img loading=\"lazy\" decoding=\"async\" width=\"150\" height=\"150\" src=\"https:\/\/www.xn--heimatverein-prrbach-hbc.de\/wp-content\/uploads\/2016\/11\/Sch\u00f6nauer-04-WA-48-16-150x150.jpg\" class=\"attachment-thumbnail size-thumbnail\" alt=\"\" \/><\/a>\n\t\t\t<\/dt><\/dl><dl class='gallery-item'>\n\t\t\t<dt class='gallery-icon portrait'>\n\t\t\t\t<a href='https:\/\/www.xn--heimatverein-prrbach-hbc.de\/?attachment_id=1289'><img loading=\"lazy\" decoding=\"async\" width=\"150\" height=\"150\" src=\"https:\/\/www.xn--heimatverein-prrbach-hbc.de\/wp-content\/uploads\/2016\/11\/Sch\u00f6nauer-05-WA-48-16-150x150.jpg\" class=\"attachment-thumbnail size-thumbnail\" alt=\"\" \/><\/a>\n\t\t\t<\/dt><\/dl>\n\t\t\t<br style='clear: both' \/>\n\t\t<\/div>\n\n","protected":false},"excerpt":{"rendered":"<p>&#8222;Die Rheinpfalz &#8211; Pf\u00e4lzische Volkszeitung &#8211; 28.11.2016 &nbsp; Detlev Sch\u00f6nauer in Erzenhausen &#8211; Stand up Comedy in seiner besten Form Weilerbach aktuell &#8211; 48-16 &#8211; 01.12.2016 Einen Kalauer nach dem anderen gab es am vergangenen Samstagabend im S\u00e4ngerhaus in Erzenhausen auf Einladung des Heimatvereins P\u00f6rrbach. Das Kabarett-Programm von Detlev Sch\u00f6nauer sorgte f\u00fcr m\u00e4chtig gute Stimmung &hellip; <\/p>\n<p><a class=\"more-link btn\" href=\"https:\/\/www.xn--heimatverein-prrbach-hbc.de\/?page_id=1262\">Weiterlesen<\/a><\/p>\n","protected":false},"author":2,"featured_media":1279,"parent":1229,"menu_order":55,"comment_status":"closed","ping_status":"open","template":"","meta":{"footnotes":""},"class_list":["post-1262","page","type-page","status-publish","has-post-thumbnail","hentry","nodate","item-wrap"],"_links":{"self":[{"href":"https:\/\/www.xn--heimatverein-prrbach-hbc.de\/index.php?rest_route=\/wp\/v2\/pages\/1262","targetHints":{"allow":["GET"]}}],"collection":[{"href":"https:\/\/www.xn--heimatverein-prrbach-hbc.de\/index.php?rest_route=\/wp\/v2\/pages"}],"about":[{"href":"https:\/\/www.xn--heimatverein-prrbach-hbc.de\/index.php?rest_route=\/wp\/v2\/types\/page"}],"author":[{"embeddable":true,"href":"https:\/\/www.xn--heimatverein-prrbach-hbc.de\/index.php?rest_route=\/wp\/v2\/users\/2"}],"replies":[{"embeddable":true,"href":"https:\/\/www.xn--heimatverein-prrbach-hbc.de\/index.php?rest_route=%2Fwp%2Fv2%2Fcomments&post=1262"}],"version-history":[{"count":7,"href":"https:\/\/www.xn--heimatverein-prrbach-hbc.de\/index.php?rest_route=\/wp\/v2\/pages\/1262\/revisions"}],"predecessor-version":[{"id":1297,"href":"https:\/\/www.xn--heimatverein-prrbach-hbc.de\/index.php?rest_route=\/wp\/v2\/pages\/1262\/revisions\/1297"}],"up":[{"embeddable":true,"href":"https:\/\/www.xn--heimatverein-prrbach-hbc.de\/index.php?rest_route=\/wp\/v2\/pages\/1229"}],"wp:featuredmedia":[{"embeddable":true,"href":"https:\/\/www.xn--heimatverein-prrbach-hbc.de\/index.php?rest_route=\/wp\/v2\/media\/1279"}],"wp:attachment":[{"href":"https:\/\/www.xn--heimatverein-prrbach-hbc.de\/index.php?rest_route=%2Fwp%2Fv2%2Fmedia&parent=1262"}],"curies":[{"name":"wp","href":"https:\/\/api.w.org\/{rel}","templated":true}]}}